. What is the tens digit of d*-3*(-5)/(-15)?
2
What is the tens digit of 13 - (14 + (-1092)/13)?
8
Let p = 53982 - 22681. What is the units digit of p?
1
Let c be 4/(-3)*(0 - 3). Suppose 1542 = 20*t + 482. Suppose -c*l + 210 = -5*s, l = 2*l - s - t. What is the tens digit of l?
5
Let o(r) = -17*r**3 + 7*r**2 - 13*r + 14. Let v be o(7). What is the units digit of -2*(v/14 + 5)?
5
What is the thousands digit of (-14812)/(-2) + 3/6*-2?
7
Let p = 596 + -941. Let n = 513 + p. What is the units digit of n?
8
Let i = 118 + -111. Suppose i*j + 21723 = 46*j. What is the hundreds digit of j?
5
Suppose 30*s = 32*s - 10450. Suppose 46*w - 27*w = s. What is the tens digit of w?
7
Suppose -17*c + 21352 = -11696. Suppose 3*h = -9*h + c. What is the hundreds digit of h?
1
Suppose -13363*w = -13416*w + 1343285. What is the thousands digit of w?
5
Let g be 54/((-427)/(-140) + -3). Let f = g - 381. What is the units digit of f?
9
Let q(i) = i - 1. Let c(m) = -34*m + 10. Let y(l) = 3*c(l) + 12*q(l). What is the hundreds digit of y(-2)?
1
Suppose -14*b = -30*b. Suppose 5*j + 5*k + 203 - 638 = 0, -4*j - k + 357 = b. What is the tens digit of j?
9
Let m be ((-6)/12)/((10/16)/(-5)). Let b = m - -11. Suppose -d = -b - 77. What is the tens digit of d?
9
Suppose 5*m = -r + 23484, 0 = -3*r + m - 10556 + 80976. What is the ten thousands digit of r?
2
Let v = -11309 + 37978. What is the ten thousands digit of v?
2
Let p(t) = 11 - t - 5*t - 15 + t**3 + 0*t**3 - 6*t**2. Let f be p(7). Suppose -75 + 632 = 4*a - 5*n, 2*a - 281 = f*n. What is the units digit of a?
3
Let i be (-152)/(-6)*135/90. What is the tens digit of -93*((-71)/6 - i/76)?
4
Let p be 119*(-2)/((80/15)/8). Let s = 448 + p. What is the tens digit of s?
9
Suppose 4*f = -2*b + 43458, -7*f - 108663 = -5*b - 11*f. What is the thousands digit of b?
1
Let o = -20631 + 35540. Suppose 0 = -12*y - 4193 + o. What is the tens digit of y?
9
Suppose 2*m = 4*y - y + 21, 40 = 5*m - 5*y. Suppose d + 172 = k - 2*d, 2*d = m*k - 488. What is the hundreds digit of k?
1
Let r(j) = j**2 - 3*j - 2. Let f be r(-1). Suppose -f*o + 1 = -3. What is the units digit of (474/12 + 2/1)*o?
3
Let d be (-6 - 182/(-4))/((-1)/(-6)). Suppose 4*l - 46 = 250. Let n = d - l. What is the units digit of n?
3
What is the tens digit of (-12)/30 - 2899419/(-285)?
7
Suppose -58 = -5*k + 157. Let n = -73 + k. What is the units digit of (-92)/(-6)*1/((-5)/n)?
2
Let j = 50385 - 24041. What is the thousands digit of j?
6
Suppose -z = -3*x + 980, 3*x - 1 = 5. Let q = -662 - z. Let h = q - 223. What is the tens digit of h?
8
Suppose 32*o = -62*o - 54*o + 2363116. What is the units digit of o?
7
Let w(f) = f**2 + 66*f + 868. What is the thousands digit of w(-75)?
1
Let v(q) = q + 6 + 7*q - 5 - q**2 - 4*q. What is the units digit of v(2)?
5
Suppose 4*n + p = 12, 2*n - 5*p + 6 = -10. Suppose -n*z + 1305 = z. Suppose -7*s + z = -2*s. What is the tens digit of s?
8
Let d = 0 - -2. Suppose 27*r - 39*r = -216. Suppose h - 9 = 2*k, -2*h + d*k + r = -k. What is the units digit of h?
9
Let j be ((-16)/(-24))/(2/(-795)). Let x = 593 + j. What is the hundreds digit of x?
3
Suppose -4087*r = -4074*r - 76063. What is the units digit of r?
1
Let b(i) = -4*i**3 - 7*i**2 - 3*i + 12. Let o be b(-6). Let z = 1487 - o. What is the tens digit of z?
4
Let k be 9/(7/2 - (10 - 8)). What is the hundreds digit of k + (-1670)/5*-1?
3
Suppose 3*s + 5*r = 6*r + 16603, -5*r = s - 5529. Let d = -3424 + s. What is the tens digit of 14/(-91) + d/26?
8
Let p = 113 - 110. Suppose -41 = -5*l - 2*g, -2*l + p*g - 6 = -30. Suppose -l*r + 3*h = -6*r - 165, 0 = 4*h - 16. What is the tens digit of r?
5
Let v be ((-36)/21)/((-12)/3738). Let w = v + -207. What is the tens digit of w?
2
Let k = -7 + 13. Let h be k - -6*(-3)/9. Suppose 4*f + p - 599 = 0, -3*f - 3*p + 451 = -h*p. What is the tens digit of f?
5
Let u(w) = 18197*w**2 - 194*w. What is the hundreds digit of u(-1)?
3
Suppose -2*r - 24*x + 19*x = -411, 5*x - 5 = 0. What is the units digit of r?
3
Let q = -4434 - -7626. What is the thousands digit of q?
3
What is the tens digit of (-226683)/(-144) + 3/(-16)?
7
Let o(l) = 53*l**3 - 9*l**2 - 19*l + 205. What is the thousands digit of o(7)?
7
What is the tens digit of -462*(108/70)/(126/(-420))?
7
Suppose 3*k + 3 = 3*w, 0 = 4*k + 2*w + 2*w - 20. What is the units digit of ((-28)/(-10))/(k/160)?
4
Suppose 2*r = -3*i + 12731, -5*r + 15*i + 25270 = -6580. What is the thousands digit of r?
6
What is the thousands digit of -2*(-41566)/140*(2 - (-5 - 3))?
5
What is the thousands digit of (-2)/(-20) - (-183089613)/5370?
4
What is the hundreds digit of 44060/40*(4 - 0)?
4
Let i(k) be the second derivative of -5*k**3/6 - 21*k**2 + 33*k + 2. What is the units digit of i(-9)?
3
Let f(t) = t**2 + 14*t - 9. Let a be f(-16). Let v be (28 - a)/(2/(-16)*-2). Let l(o) = -o**2 + 24*o - 33. What is the tens digit of l(v)?
4
Let b = 261 + -259. What is the tens digit of 573 - ((-3 - b) + 9)?
6
Let z be (16/(-28))/(2/(-21)). Let i be 7 - (-1)/2*z. What is the units digit of (-6)/(-1)*i/20?
3
Let g(l) = l - 80 + l + 3*l + 4*l**3 - 5*l**3 + 657*l**2 - 644*l**2. What is the tens digit of g(12)?
2
Let z(a) = 24*a**2 - 82*a + 1618. What is the thousands digit of z(34)?
6
Suppose -69 + 69 = 14*c. Suppose -4*i + 13*i - 2862 = c. What is the tens digit of i?
1
Suppose 7*j - 148 + 43 = 0. Let s = j - -41. What is the tens digit of s?
5
Suppose 4*z = -8, -24*q - 4*z - 8826 = -25*q. What is the hundreds digit of q?
8
Let i be (-895)/(-10)*-2*-4. Suppose 3*d + 3*j = 2*j + 1075, 0 = -2*d - j + i. What is the tens digit of d?
5
Let h = -902 - -905. Suppose -h*n = 15, 24*t - n + 2339 = 28*t. What is the hundreds digit of t?
5
Suppose 2*i + 3 - 7 = 0. Suppose 4*j = -0*x + x + 1485, -4*j + 1482 = -i*x. What is the hundreds digit of j?
3
Let l = 25 + -24. Let a(f) = 311*f - 1. What is the hundreds digit of a(l)?
3
Let f = -1998 + 6104. What is the units digit of f?
6
Suppose 4*d = 2*p - 16077 + 2403, -p + 3*d = -6842. What is the hundreds digit of p?
8
Let n = 27856 - 19082. What is the units digit of n?
4
Suppose 2*v + 17 = 3*y + 2, 5*y - 24 = 3*v. What is the tens digit of y/(-4) - (-5 + 31956/(-48))?
7
Let k = 5816 - 2591. Suppose -93 = j + 2*l - 727, 5*j - l = k. What is the units digit of j?
4
Let j = 167 - 165. Suppose 3*q - 54 = 33. Suppose -f = -j*g + q, -5*g - f - 2*f + 78 = 0. What is the tens digit of g?
1
Let l(i) = -6*i - 82. Let u be l(-14). What is the units digit of (-1 - u) + 7 - (-1082 - 1)?
7
Let t(d) = -13*d - 18. Suppose 8*o - 3 + 107 = 0. Let u be t(o). Suppose 329 = 4*a - u. What is the hundreds digit of a?
1
Suppose -14*n - 221 = 31. Let k = 498 + n. What is the tens digit of k?
8
Let o(y) = 828*y - 9493. What is the thousands digit of o(18)?
5
Let b be (-4)/(-1 - (-93)/99). Suppose v = -5*h - 3*v - 123, 5*v + b = -3*h. Let j = h - -48. What is the units digit of j?
1
Let o = 41 + -38. Suppose -346 + 1039 = -o*k. Let n = -119 - k. What is the tens digit of n?
1
Suppose -4*g - g + 5849 + 110586 = 0. What is the units digit of g?
7
Suppose -3*y + 5*y = 2. Let g be (-5)/(-4 + 3) - y. Suppose 0 = -5*b + 25, -4*q - 3*b + g*b = -351. What is the units digit of q?
9
Suppose 5*y - 3*t + 3047 - 16272 = 0, 2*y - 4*t = 5290. Suppose 5*d = -3*w + 4499, 4*d + y + 4804 = 5*w. What is the tens digit of w?
9
Let u(l) = -154*l - 8. Let h(s) = -103*s - 5. Let q = -41 + 46. Let g(f) = q*u(f) - 7*h(f). What is the tens digit of g(-2)?
9
Let p(c) = -81*c - 323. Suppose -r - 15*k - 16 = -12*k, -4*r + 2*k - 36 = 0. What is the tens digit of p(r)?
8
Let d = -955 + 9185. What is the tens digit of d?
3
Suppose -2*h = -2*j - 29656, -11*j = -2*h - 8*j + 29653. What is the tens digit of h?
3
Let k = 19 + -19. Suppose -u + 4*u - 102 = 0. Suppose k = -2*q + u. What is the tens digit of q?
1
Let o be 55 + (-3 - (-2)/2). Let i = -50 + o. What is the tens digit of (244 - 0) + i/1 + 0?
4
Suppose 89817 = v - 23*v + 336371. What is the ten thousands digit of v?
1
Let w = 552 + -106. Let r = -188 + w. Suppose 14*k - 17*k = -r. What is the units digit of k?
6
Suppose 5*o - 3*o - 4 = 0. Let u be 1/o + (-45)/10. Let k(j) = -j**2 - 3*j + 8. What is the units digit of k(u)?
4
Suppose -55814 = -3*q + c, 33*c - 30*c - 37191 = -2*q. What is the thousands d